?
1
Let u(v) = 6*v**3 + 2*v**2 + v + 1. Suppose -5*z + 4*q - 28 = 0, -305*q - 35 = -4*z - 310*q. Calculate u(z).
1
Let c(j) = -2*j**2 + 24*j + 48. Let d be c(13). Suppose 26*o + 21 = -3*u + d*o, 0 = -2*u - o - 14. Let n(p) = -p**2 - 7*p + 3. What is n(u)?
3
Let f(m) = m - 7. Let t = 92 + -85. Suppose -4 = -5*q + t*q. Let d be 5 + (-6 - q/2). Calculate f(d).
-7
Let q(l) be the first derivative of -l**4/4 + 6*l**3 - 9*l**2 + 20*l - 709. Give q(17).
3
Let a(n) = -n**3 + n**2 + 10. Let m be 122/6 - 2/(-3). Suppose 3*t - 9*t = 126. Let g = t + m. What is a(g)?
10
Let f(z) = z + 6. Let l(y) = 28. Let k(a) = -9*f(a) + 2*l(a). What is k(-4)?
38
Let j(y) = y**3 - 5*y**2 + 6*y - 5. Let q be j(4). Let v(m) = 42 + m**3 + 35 - 79 - m + 403*m**2 - 406*m**2 + 0*m**3. Calculate v(q).
-5
Let l(k) be the second derivative of k**5/20 - 2*k**4/3 + 5*k**3/6 + 5*k**2 + 8*k. Suppose -390 = 4*z + 146. Let m = 141 + z. Calculate l(m).
-4
Let s(n) = 9*n + 7. Let g be ((-10)/(-22))/((-5)/55). Determine s(g).
-38
Suppose -3*z - 4 = 4*b, -4*z = -0*z - b + 37. Let s(u) = -5*u - 32. Let a be s(z). Let y(x) = -8*x - a - 6*x + 8*x + x**2. Calculate y(7).
-1
Let a(u) = u - 16. Let b be a(11). Let h(f) = 9 + 6*f**2 + 36*f + f**3 - 28*f - 6. Give h(b).
-12
Let a(s) be the second derivative of -s**3/6 - s**2 - s. Let y be (6150/(-27) - 5) + 4/(-18). Let j = 231 + y. Determine a(j).
0
Let z(q) = 130 - 143 + 6905*q - 6904*q. What is z(0)?
-13
Suppose -9*w + 12 = -13*w - 4*n, 5*w + 4*n = -18. Let c(m) = -m**3 - 6*m**2 - 14. Determine c(w).
-14
Let w be ((-1)/(-2))/((-3)/(-6)). Let m(p) = -35*p - p**2 - p**3 - 18*p**2 - 22 - w. Let b be m(-17). Let k(i) = -i**2 - 6*i - 2. Give k(b).
-2
Let n(c) = 12 - 29 + 7*c - 13 + 21 + 24. Determine n(10).
85
Let h(n) = -5 + 1 - 10*n**2 + 58399*n**3 - 4*n - 58400*n**3 - 1. Give h(-10).
35
Suppose 36 = -147*x + 156*x. Suppose 2*v - 16 = -13*b + 12*b, x*b - 2*v = 24. Let p(i) = i**2 - 8*i + 5. What is p(b)?
5
Let g = 20 - 14. Let d(w) = -6*w + 16. Let t be d(3). Let j(s) = -6*s + 46. Let z(x) = -x + 9. Let o(y) = t*j(y) + 11*z(y). Determine o(g).
13
Let m(b) be the second derivative of 21/2*b**2 + 54*b + 0 - 1/3*b**3. Calculate m(11).
-1
Let b(m) = -m**2 + 13*m - 19. Let z(v) = 3*v**2 - 40*v + 57. Let f(x) = 17*b(x) + 6*z(x). Let o be f(18). Let y(n) = 12*n - 4 - 13*n - o. Give y(-7).
2
Let w(h) = 24*h + 5. Let o(p) = -p**3 + 2*p**2 - p + 2. Let l be o(1). Give w(l).
53
Let i(v) = 10*v + 9. Let x(s) = -s**2 + 1. Let t(q) = i(q) - x(q). Let c(d) = d**3 - 11*d**2 + 7*d + 21. Let z be c(10). Give t(z).
-1
Let a(r) be the first derivative of -r**3 + 7*r**2 - 8*r - 1. Let y = 106 - 109. Let i(s) = -2*s**2 + 7*s - 4. Let t(b) = y*a(b) + 5*i(b). Calculate t(-6).
10
Suppose 9*z - 45 - 1 = -1. Let p(v) be the second derivative of 0*v**2 + 1/20*v**z + 6*v + 0 + 2/3*v**3 + 5/12*v**4. Determine p(-3).
6
Let d(i) = i + 4. Let o = -65 + 73. Suppose 0 = -o*g + 3*g. Give d(g).
4
Suppose -48 = -24*p - 360. Let d(u) = -2*u**2 - 23*u + 42. Give d(p).
3
Let v(u) be the first derivative of u**2/2 - u - 8. Suppose 106 = -11*q + 51. Determine v(q).
-6
Let h(x) be the second derivative of x**7/2520 - x**6/720 - x**5/40 + 17*x**4/2 - 2*x - 15. Let o(w) be the third derivative of h(w). Calculate o(2).
-1
Let c(m) be the second derivative of m**4/3 + 2*m**3 - 5*m**2/2 - 983*m. Give c(-4).
11
Let q(x) = -2496*x + 7*x**2 + x**3 + 2496*x + 5 + 5 + 0*x**3. Calculate q(-8).
-54
Let o(m) = 5*m - 3*m**3 + 3 + 2*m**3 - 3*m**2 - 2. Let p be o(-4). Let w(b) be the third derivative of b**4/8 + 2*b**3/3 - 432*b**2 - 3*b + 1. Determine w(p).
-5
Let m(k) be the second derivative of -k**3/6 - 6*k**2 - 33*k. Suppose -10*b + 8*b = -6. Suppose b*d - 2*i - i + 24 = 0, 5*d + 2*i = -19. What is m(d)?
-7
Suppose 0 = u - 3*x + 75, 0 = 5*u - 2*x - 52 + 466. Let d = u + 111. Let b(p) = 13*p + 1 - d*p + 11*p. Determine b(-1).
4
Let x(h) be the third derivative of -3*h**2 + 0*h - 1/6*h**3 + 2 + 1/24*h**4. Determine x(-6).
-7
Let u be (-5)/(-80)*-4 + 82/8. Let h(z) = 0 - 2*z - 1 + u*z + 4. Determine h(-2).
-13
Let q(h) = -14*h + 31. Suppose 64*s - 10*s + 118*s - 344 = 0. Give q(s).
3
Let f(z) be the first derivative of -5*z**2/2 - 6968. Suppose -3*o - o + 6 = 2*g, 0 = 4*o - 4*g + 24. What is f(o)?
5
Let j(r) = -r**3 + 8*r**2 - 6*r - 2. Let n(u) = -1. Let h = -4 - -2. Let f(b) = h*n(b) - j(b). Let q(k) = 65*k - 123. Let d be q(2). What is f(d)?
-3
Let c(n) be the third derivative of n**6/120 - n**5/12 - n**4/6 - 2*n**3/3 + 2*n**2. Let v(m) = -31*m**2 - 346*m - 49. Let j be v(-11). Calculate c(j).
8
Let h(l) = l**3 + 5*l**2 - 6*l - 6. Let o be 5*((-8)/32)/((-2)/24). Let s(d) = -d + 9. Let z be s(0). Let c = z - o. Give h(c).
-6
Suppose -64*b = -69*b - 30. Let u(n) = -8*n**2 + 8*n - 16. Let t(c) = -3*c**2 + 4*c - 8. Let f(y) = -5*t(y) + 2*u(y). Give f(b).
-4
Let a(r) be the first derivative of -r**5/15 + r**4/12 + 47*r**3/3 - 5. Let m(d) be the third derivative of a(d). Give m(-3).
26
Let t be (-3 - -21)/2 - 4. Let b(g) = t*g**2 + 3 + 2*g**2 - 4 + g**2. Calculate b(-2).
31
Let u(q) = q + 66. Let k(i) = -23*i + 342. Let d be k(16). Determine u(d).
40
Let m = 4952 + -4949. Let b(a) be the first derivative of -3*a - 3*a**2 - 2/3*a**m + 11. What is b(-5)?
-23
Suppose -546*u + 4 = -m - 550*u, -34 = 4*m - 2*u. Let y(h) = h**2 + h - 22. Give y(m).
34
Let x be -12 + (-2 - -4) - (-10 + (-4 - -7)). Let b(g) = -18*g - 5. Calculate b(x).
49
Suppose 3*r + 49 = 2*i, 1687*r - 1689*r + 5*i = 29. Let q(t) = -5*t + 54. What is q(r)?
139
Let q be (-105)/(-33) - (-24)/(-132). Let i(s) = 0*s**2 + 7*s**3 + 10*s**q + 0*s**2. Determine i(1).
17
Let h(s) = 3*s**3 - 1535*s + 770*s + 764*s - 1 + s**2. Let t = 4 - 4. Suppose 3 + t = -3*n. Determine h(n).
-2
Let p(z) = z**3 - 10*z**2 + 17. Let c(x) = -2*x**3 - 65*x**2 + 25*x - 254. Let s be c(-33). Determine p(s).
17
Let p(f) be the second derivative of f**4/12 - 7*f**3/3 + f**2/2 - 2*f. Let o(t) = -51*t**2 + 1583*t - 52. Let v be o(31). Give p(v).
-39
Let h(s) = 5*s**2 + 2*s - 9. Let f(y) = y**2 - 2. Let q(z) = 9*f(z) - 2*h(z). Let x(a) = 5*a**2 + 25*a + 2. Let d(m) = 6*q(m) + x(m). Calculate d(2).
0
Let d(o) be the first derivative of o**4/4 - 4*o**3/3 - o**2/2 - o - 2. Suppose 18*z = -16*z + 24*z + 40. What is d(z)?
-5
Let n(q) = -q**2 + 4*q - 3. Let m be -70*24/(-30)*3/6. Suppose m = 8*b - 4*b. Determine n(b).
-24
Let m(q) = 16*q**2 - 21*q - 52. Let y(u) = -7*u**2 + 11*u + 26. Let z(n) = 3*m(n) + 7*y(n). What is z(15)?
11
Let l(i) be the third derivative of i**5/30 - i**4/4 + i**3/3 + 1016*i**2. Give l(3).
2
Let j(b) = -b**2 - 6*b + 28. Let y(k) = 5*k**2 + 28*k - 142. Let m(r) = -14*j(r) - 3*y(r). What is m(6)?
-2
Let v be ((-109)/(-545) - (-34)/(-20))*(1 + 1). Let q(t) = 5*t + 8. Calculate q(v).
-7
Suppose 2*f = 5*f + 5*r - 12, -2*f = 3*r - 8. Let s(w) = 8*w - 4 + 0 - 9*w. What is s(f)?
-8
Let k(z) = -5*z**2 + 3*z - 1. Let s(m) = -37*m - 3. Let l be s(-1). Let n = l + -7. Let u be (-6)/n - 60/(-27). Give k(u).
-15
Let m(c) be the third derivative of -c**4/24 - 5*c**3/6 - 2*c**2. Let v be (-4)/10*6*(-4485)/(-1794). Calculate m(v).
1
Let b = 2 + 2. Let u(g) be the third derivative of -5/24*g**4 + 1/60*g**5 - 2 + 23*g**2 - 1/3*g**3 + 0*g. Calculate u(b).
-6
Let d(n) = -n**3 + 20*n**2 - n + 12. Let t(j) = 158*j - 3930. Let z be t(25). Calculate d(z).
-8
Suppose -5*s = 4*z - 89, -3*z + 3*s - 13 = -46. Let q(h) be the third derivative of 0 - z*h**2 - 1/60*h**5 - 1/3*h**4 + 0*h - 2/3*h**3. What is q(-7)?
3
Let z(w) = 6*w - 5. Let x(j) = -2*j + 2. Let t(n) = -n**3 + 3*n**2. Let d be t(2). Suppose 6*u + 70 = -d*u. Let h(o) = u*x(o) - 3*z(o). Determine h(3).
-11
Suppose 5*p = -0*p - 3*z - 13, 0 = -5*p - 5*z - 5. Let n(y) be the first derivative of -7*y**2/2 + 2*y - 62. Determine n(p).
37
Let b(h) = -2*h + 35. Suppose 3*y + 20*k - 21*k + 8 = 0, 40 = y + 5*k. Give b(y).
35
Let u be (-21)/2*50/75 - 0. Let n(a) = a**2 + 10*a + 12. Give n(u).
-9
Let s(m) = -12*m**2 - 61*m - 87. Let b(j) = 5*j**2 + 29*j + 43. Let n(v) = 5*b(v) + 2*s(v). Let t be ((-7)/(-1))/(182/21 + -9). What is n(t)?
-1
Let n be 5*(-4)/30*-9 + -3. Suppose -q - 8 = n. Let g(j) = j**2 + 12*j + 7. What is g(q)?
-4
Suppose 2*h + 8 = 4*b, 4*b + 4 = 451*h - 452*h. Let t(z) = -z + 11. Calculate t(h).
15
Let f = 5150 + -5133. Let